 42 - 12 = -4*c, 2*c + 6 = 2*p. Let u be (4/c)/(14/(-105)). Suppose 3*o + 0*o = 2*x - 43, 4*o - 142 = -u*x. What is the tens digit of x?
2
Suppose -15*p - 121396 = -4*p. What is the tens digit of (-16)/(-36) - p/36?
0
Let z = -15438 - -68989. What is the tens digit of z?
5
Let t = 33983 + 4288. What is the thousands digit of t?
8
Let f = 37661 - 24896. What is the hundreds digit of f?
7
Suppose 1160*x + 17518 = 1198*x. What is the units digit of x?
1
Suppose 0 = 9*h + 152 - 17. What is the hundreds digit of ((-110)/h + -8)/((-4)/2346)?
3
Let f = -18 + 12. Let w be (3 + -6 + 7)*f/8. Let b = w - -73. What is the tens digit of b?
7
Let k(y) = -y**3 - 16*y**2 + 41*y + 27. Let s be k(-19). Suppose s + 185 = 6*u. What is the tens digit of u?
8
Let x = -517 + 521. Let b(m) = 65*m**2 - 3*m - 6. What is the hundreds digit of b(x)?
0
Let n = -8533 + 18101. What is the thousands digit of n?
9
Let s(j) = j**3 - 18*j**2 + 56*j - 18. What is the tens digit of s(27)?
5
Suppose -28001 = -4*o - 3*x + 37166, 5 = x. What is the hundreds digit of o?
2
Let m(d) = -3*d**3 - 20*d**2 + 15*d + 115. What is the tens digit of m(-10)?
6
Suppose -g = 4*j + 186, 2*j + 453 = -5*g - 459. What is the units digit of 8784/26 - 28/g?
8
Let y = -119 + 119. Suppose 19*i - 17*i - 10 = y. What is the units digit of 141 - 6/i*10/6?
9
Let n(i) = -i**3 + 20*i**2 + 14*i + 18. Let s be n(21). Let g = 543 + s. Suppose 0 = 6*t - 252 - g. What is the tens digit of t?
1
What is the ten thousands digit of (-6704)/5*91*(-120)/336?
4
Suppose -218970 = -2008*z + 1990*z. What is the hundreds digit of z?
1
Suppose -31*g + 19*g + 857864 = 16*g. What is the thousands digit of g?
0
Suppose 16178 = y - 3*h, 0 = -5*y + 3*h + 43475 + 37487. What is the tens digit of y?
9
Let i(q) = -1. Let j(a) = -47*a**2 - 8*a + 19. Let k(v) = 2*i(v) - j(v). What is the units digit of k(2)?
3
Let z = -7647 + 16251. What is the units digit of z?
4
Suppose -n - 4*i = -10, 3*i - 8 = n - 2*i. Let k(b) = -10*b - n*b**2 - 2*b**2 + 10*b - 6 + 3*b + 3*b**3. What is the tens digit of k(3)?
4
Suppose 21*c = 26*c + 15. Let o be (-5)/c*6*17. Suppose 172*s - 412 = o*s. What is the units digit of s?
6
Suppose -4*m - 3*j = 3, -3*m - 9*j + 2 = -11*j. Let c(x) = -x**3 + 6*x + 1890. What is the tens digit of c(m)?
9
Suppose 122353 = 71*m + 6*m. What is the tens digit of m?
8
Suppose d = -3*x - 11, 6*x + 2 = 2*x + 5*d. Let y(c) = 46*c**2 - 26*c - 64. What is the units digit of y(x)?
8
Let f(o) = -8352*o + 318. What is the ten thousands digit of f(-5)?
4
Let l = 10163 + 3037. What is the thousands digit of l?
3
Let p = -679 + 691. What is the units digit of (p/6 - 3) + 3*244?
1
Let p = 9950 - 5205. What is the tens digit of p?
4
Let o = -2041 + 2971. Let b = -289 + o. What is the hundreds digit of b?
6
Let z(y) = y**3 + 7*y**2 + 10*y - 6. Let i be z(-5). Let a(m) = m**2 - 7*m - 3. What is the tens digit of a(i)?
7
Suppose n + 5*l + 1 = 0, 13*l - 17*l - 17 = -n. What is the hundreds digit of 836 + 9/(n/5)?
8
Let n(s) = s**2 + 6*s + 6. Let c be n(-2). Let x = c + 1000. What is the tens digit of x?
9
Let d(s) = 1090*s + 2173. What is the thousands digit of d(7)?
9
Let d = -1883 - -17074. What is the units digit of d?
1
Let t = 316 - 314. Suppose 5*f = 5*l + 5520, 0*l = -f - t*l + 1098. What is the units digit of f?
2
Let k = 182 - -26. Let l = 647 - k. What is the tens digit of l?
3
Let m = -40 + 52. Suppose -3*o + 4*u - m = 0, -o - 3*u = -6*u + 9. Suppose 4*q - 477 = c, o = -2*q - 3*c + 191 + 30. What is the units digit of q?
8
Let y be 1/((-35)/(-30) + (-2)/3). Suppose -5*i = -4*h + 1524, 5*i - 732 = -y*h - 0*h. What is the hundreds digit of h?
3
Suppose -456 = -3*d + 246. Suppose -4*r + f = -844 - 134, r + 5*f = d. What is the units digit of r?
4
Suppose -632*j - 365014 = -658*j. What is the units digit of j?
9
Let a(v) be the third derivative of v**6/360 + v**5/30 - 5*v**4/8 + v**3 + 2*v**2. Let z(s) be the first derivative of a(s). What is the tens digit of z(8)?
8
Let t = -705 + 721. What is the thousands digit of 16*(23 - 0)/(t/64)?
1
Let o(b) = -45*b**3 - 17*b**2 - 49*b - 286. What is the ten thousands digit of o(-8)?
2
Suppose -3*k + 176 = 8*k. Suppose 0 = -k*d + 9*d + 9296. What is the tens digit of d?
2
Let o(j) = 2*j**2 + 17*j + 3. Let f be o(-9). Suppose 0 = -f*p + 15*p - 12. What is the units digit of (-4 - (-53)/p)*(10 - 2)?
4
Let t(c) = -11*c**2 + 19*c + 38. Let n be t(-6). Let x = 892 + n. What is the tens digit of x?
2
Let o(h) = h**3 + 14*h**2 + 5*h + 21. Let t = 36 + -34. Let l be t/((-10)/(-25) - (-36)/(-65)). What is the tens digit of o(l)?
2
Suppose 94*k - 40*k = -114*k + 4998840. What is the tens digit of k?
5
What is the units digit of (-10850)/((78/(-390))/(1*(-4)/(-10)))?
0
Let c(r) = -r**3 - 57*r**2 - 165*r - 13. What is the units digit of c(-54)?
9
Let s(x) = 88*x**2 + 25*x + 8. Let z be s(-4). Suppose -16 = 4*w, -8*v + 4*v - w + z = 0. What is the tens digit of v?
3
Let c(f) be the second derivative of f**4/2 + 2*f**3/3 - 6*f**2 + 98*f. Suppose 0 = -4*o + l + 2*l - 11, -3*o - 3 = -4*l. What is the hundreds digit of c(o)?
1
Let b(t) = -t**2 + 16*t + 18. Let v(h) = -3*h**2 + 47*h + 54. Let m(d) = -17*b(d) + 6*v(d). Let g be m(8). Suppose k + k - g = 0. What is the units digit of k?
7
Suppose 12*h - 17*h = -9*h. Suppose 0 = -h*o + 4*o - 2*o. Suppose 0*k + 4*l = -k + 27, o = k - 2*l - 15. What is the units digit of k?
9
Suppose -4*b = 7*x - 8*x, 0 = 3*x. Suppose -621 = -2*f - 5*r, 3*f + b*r = -3*r + 936. What is the units digit of f?
3
Suppose 3*p + 2*j = -74, 6*j - j = -2*p - 64. Let x = p - -25. Suppose 6*m - x*m - 288 = 0. What is the tens digit of m?
9
Suppose 0 = -17*m + 9*m. Suppose m = -5*w - 1 - 4. What is the tens digit of (5*4/20)/(w/(-86))?
8
Suppose 0 = -50*x - 45*x + 138487 - 5772. What is the units digit of x?
7
Suppose -v + 4*u = -28257, 73*v = 72*v - u + 28297. What is the thousands digit of v?
8
Let h = 1378 + -712. What is the units digit of (-59 - -53) + h + 1?
1
Let c(m) = 3*m**3 - 23*m**2 - m - 54. Let r(x) = -7*x**3 + 47*x**2 + 3*x + 109. Let g(v) = -5*c(v) - 2*r(v). What is the hundreds digit of g(19)?
7
Suppose 66*r - 6864 = 50*r. What is the hundreds digit of r?
4
Let a(j) = -j - 15. Let z be a(-16). Suppose -4*v + 17 - z = 0. Let y = 7 - v. What is the units digit of y?
3
Suppose 55*s = 47*s + 10848. Suppose -37*n + 49*n = s. What is the units digit of n?
3
Let g(z) = 3*z**3 + 2*z**2 - 3*z + 8. Let q be g(-4). Let m = q + 662. What is the tens digit of m?
2
Let q(i) = 849*i - 976. What is the tens digit of q(9)?
6
Let j be ((-28)/(-35))/(4/(-1580)). Let r = -130 - j. What is the tens digit of r?
8
Suppose 5*k = -2*g + 2974, -6801 = -5*g + 4*k + 634. What is the hundreds digit of g?
4
Let v = 17751 + -132. What is the thousands digit of v?
7
Suppose -5*i + 45 = -5*b, -4*b + 2*i = 3*i + 11. Let t(r) = -13*r**3 + 2*r**2 + 8*r + 19. What is the units digit of t(b)?
1
Suppose -4256 = -28*p - 3472. Let w be (28/(-6))/(2/(-39)). Let u = p + w. What is the hundreds digit of u?
1
Suppose 0 = 4*s + 5*x - 9*x - 5380, 4023 = 3*s + x. Suppose -5*n - s = -2*z, -4*z - 7*n + 2656 = -3*n. What is the hundreds digit of z?
6
What is the tens digit of (-9188)/(7 + (-23 - -15))?
8
Suppose 4*r + 51 = 6939. Suppose -v - 6*v = -r. Suppose -p + h = p - 513, p = 4*h + v. What is the units digit of p?
8
Let c = 22685 + -14995. What is the thousands digit of c?
7
What is the thousands digit of 22/(-7) + 3 + 6465162/322?
0
Let b be 9/(-12) - 15/(-4). Suppose 5*w = -b*m + 448, -2*m + 6*m - 636 = 3*w. What is the tens digit of ((-9)/6)/((-2)/m*3)?
3
Suppose -5*y - 5 = -25. Suppose -1372 = -y*t - 4*j, -5*j - 602 = -4*t + 743. What is the tens digit of t?
4
Let o = -257 + 257. Suppose o = 2*s + 4*d - 1632, 2*s + 10*d = 9*d + 1641. What is the tens digit of s?
2
What is the units digit of (-2 - -4)/((-21516099)/2390685 + 9)?
5
Suppose -2*x - 8362 = d, 4*x + 9286 + 7438 = -3*d. Let j = x + 7011. What is the tens digit of (-1)/(-4) - j/(-40)?
7
Let i = -9617 - -26472. What is the tens digit of i?
5
Suppose 20 = 3*v - 5*d, -11*v = -6*v + 4*d - 95. Suppose 7*h - v*h = -13296. What is the units digit of h?
2
Let y(m) = -1003*m**3 + 9*m**2 + 25*m - 38. What is the tens digit of y(-4)?
9
Let u(y) be the third derivative of 11